{"id":986,"date":"2018-08-29T14:32:20","date_gmt":"2018-08-29T17:32:20","guid":{"rendered":"https:\/\/ieseccleston-caba.infd.edu.ar\/sitio\/revista-electronica\/"},"modified":"2025-12-15T13:28:26","modified_gmt":"2025-12-15T16:28:26","slug":"revista-electronica","status":"publish","type":"page","link":"https:\/\/ieseccleston-caba.infd.edu.ar\/sitio\/revista-electronica\/","title":{"rendered":"Revista Electr\u00f3nica"},"content":{"rendered":"<p style=\"text-align: center;\"><img decoding=\"async\" loading=\"lazy\" src=\"https:\/\/ieseccleston-caba.infd.edu.ar\/sitio\/wp-content\/uploads\/2018\/08\/logorev.jpg\" width=\"152\" height=\"78\" border=\"0\" \/><\/p>\n<p style=\"text-align: center;\"><span style=\"font-family: verdana,geneva;\"><span style=\"font-size: 12pt;\"><span style=\"color: #000080;\"><strong>Ministerio de Educaci\u00f3n<br \/>\nInstituto Superior del Profesorado de Educaci\u00f3n Inicial<br \/>\nSara C Eccleston<br \/>\nCiudad Aut\u00f3noma de Buenos Aires &#8211; Argentina<\/strong> <\/span><\/span><\/span><\/p>\n<p style=\"text-align: center;\"><span style=\"font-family: verdana,geneva;\"><span style=\"font-size: 8pt;\"><span style=\"color: #000080;\"><span style=\"font-size: 12pt;\"><strong>e-Eccleston<br \/>\nEstudios Sobre el Nivel Inicial<\/strong><\/span><\/span><\/span><\/span><\/p>\n<p style=\"text-align: center;\"><span style=\"font-family: verdana,geneva;\"><span style=\"font-size: 10pt;\"><span style=\"color: #000080;\"><strong>Autoridades<br \/>\n<\/strong><strong>Vicerectora:<\/strong> Prof. Daniela Gonz\u00e1lez<br \/>\n<strong>Regente:<\/strong> Prof. Fernanda Ram\u00edrez<\/span><\/span><\/span><\/p>\n<p style=\"text-align: center;\"><span style=\"font-family: verdana,geneva;\"><span style=\"font-size: 10pt;\"><span style=\"color: #000080;\"><strong>Gesti\u00f3n de la Informaci\u00f3n<\/strong><br \/>\nProf. Susana De Lorenzi<br \/>\n<\/span><\/span><\/span><\/p>\n<p style=\"text-align: center;\"><span style=\"font-family: verdana,geneva;\"><span style=\"font-size: 10pt;\"><span style=\"color: #000080;\"><strong>Editores<\/strong><br \/>\nProf. Magal\u00ed Milmaniene<br \/>\nProf. Mauricio Martinez<\/span><\/span><\/span><\/p>\n<p style=\"text-align: center;\"><span style=\"font-family: verdana,geneva;\"><span style=\"font-size: 10pt;\"><span style=\"color: #000080;\"><strong>Asesoramiento y coordinaci\u00f3n tem\u00e1tica<br \/>\n<\/strong>Prof. Fabrizio Origlio<\/span><\/span><\/span><\/p>\n<p style=\"text-align: center;\"><span style=\"font-family: verdana,geneva;\"><span style=\"font-size: 10pt;\"><span style=\"color: #000080;\"><strong>Referencia Documentales de biblioteca<br \/>\n<\/strong>Bibl. Vanina Romero<\/span><\/span><\/span><\/p>\n<p style=\"text-align: center;\"><span style=\"font-family: verdana,geneva;\"><span style=\"font-size: 10pt;\"><span style=\"color: #000080;\"><strong>Ampliaci\u00f3n Bibliogr\u00e1fica<br \/>\n<\/strong>Bibl. Vanina Romero<br \/>\n<\/span><\/span><\/span><\/p>\n<p style=\"text-align: center;\"><span style=\"font-family: verdana,geneva;\"><span style=\"font-size: 10pt;\"><span style=\"color: #000080;\"><strong>Logo de la Revista<br \/>\n<\/strong>Blanca Garibaldi<\/span><\/span><\/span><\/p>\n<p style=\"text-align: center;\"><span style=\"font-family: verdana,geneva;\"><span style=\"font-size: 10pt;\"><span style=\"color: #000080;\"><strong>Dise\u00f1o de la Revista Electr\u00f3nica<br \/>\n<\/strong>Susana De Lorenzi<\/span><\/span><\/span><\/p>\n<p style=\"text-align: center;\"><strong><span style=\"font-family: verdana,geneva;\"><span style=\"font-size: 10pt;\"><span style=\"color: #000080;\">ISSN:1669-5135<\/span><\/span><\/span><\/strong><\/p>\n<p style=\"text-align: center;\"><span style=\"font-family: verdana,geneva;\"><span style=\"font-size: 10pt;\"><span style=\"color: #000080;\"><strong>Colaboraciones y comentarios a<br \/>\n<\/strong><\/span><\/span><\/span><span style=\"font-family: verdana,geneva;\"><span style=\"font-size: 10pt;\"><span style=\"color: #000080;\">revistaeccleston@yahoo.com.ar<\/span><\/span><\/span><\/p>\n","protected":false},"excerpt":{"rendered":"<p>Ministerio de Educaci\u00f3n Instituto Superior del Profesorado de Educaci\u00f3n Inicial Sara C Eccleston Ciudad Aut\u00f3noma de Buenos Aires &#8211; Argentina e-Eccleston Estudios Sobre el Nivel Inicial Autoridades Vicerectora: Prof. Daniela Gonz\u00e1lez Regente: Prof. Fernanda Ram\u00edrez Gesti\u00f3n de la Informaci\u00f3n Prof. Susana De Lorenzi Editores Prof. Magal\u00ed Milmaniene Prof. Mauricio Martinez Asesoramiento y coordinaci\u00f3n tem\u00e1tica Prof. &#8230; <a title=\"Revista Electr\u00f3nica\" class=\"read-more\" href=\"https:\/\/ieseccleston-caba.infd.edu.ar\/sitio\/revista-electronica\/\" aria-label=\"More on Revista Electr\u00f3nica\">[+]<\/a><\/p>\n","protected":false},"author":7,"featured_media":0,"parent":0,"menu_order":0,"comment_status":"closed","ping_status":"closed","template":"","meta":[],"acf":[],"_links":{"self":[{"href":"https:\/\/ieseccleston-caba.infd.edu.ar\/sitio\/wp-json\/wp\/v2\/pages\/986"}],"collection":[{"href":"https:\/\/ieseccleston-caba.infd.edu.ar\/sitio\/wp-json\/wp\/v2\/pages"}],"about":[{"href":"https:\/\/ieseccleston-caba.infd.edu.ar\/sitio\/wp-json\/wp\/v2\/types\/page"}],"author":[{"embeddable":true,"href":"https:\/\/ieseccleston-caba.infd.edu.ar\/sitio\/wp-json\/wp\/v2\/users\/7"}],"replies":[{"embeddable":true,"href":"https:\/\/ieseccleston-caba.infd.edu.ar\/sitio\/wp-json\/wp\/v2\/comments?post=986"}],"version-history":[{"count":11,"href":"https:\/\/ieseccleston-caba.infd.edu.ar\/sitio\/wp-json\/wp\/v2\/pages\/986\/revisions"}],"predecessor-version":[{"id":2828,"href":"https:\/\/ieseccleston-caba.infd.edu.ar\/sitio\/wp-json\/wp\/v2\/pages\/986\/revisions\/2828"}],"wp:attachment":[{"href":"https:\/\/ieseccleston-caba.infd.edu.ar\/sitio\/wp-json\/wp\/v2\/media?parent=986"}],"curies":[{"name":"wp","href":"https:\/\/api.w.org\/{rel}","templated":true}]}}