{"id":2288,"date":"2024-02-23T14:52:20","date_gmt":"2024-02-23T17:52:20","guid":{"rendered":"https:\/\/ieseccleston-caba.infd.edu.ar\/sitio\/?page_id=2288"},"modified":"2026-04-30T12:16:20","modified_gmt":"2026-04-30T15:16:20","slug":"concursos-docentes","status":"publish","type":"page","link":"https:\/\/ieseccleston-caba.infd.edu.ar\/sitio\/concursos-docentes\/","title":{"rendered":"Concursos docentes"},"content":{"rendered":"\n<p>En esta secci\u00f3n encontrar\u00e1 toda la informaci\u00f3n referida a los concursos para c\u00e1tedras del Profesorado.<\/p>\n\n\n\n<pre class=\"wp-block-verse has-text-align-center has-accent-color has-base-background-color has-text-color has-background has-medium-font-size\"><a rel=\"noreferrer noopener\" href=\"https:\/\/buenosaires.gob.ar\/cobertura-de-catedras\/instituto-superior-del-profesorado-de-educacion-inicial-sara-c-eccleston\" data-type=\"URL\" data-id=\"https:\/\/buenosaires.gob.ar\/cobertura-de-catedras\/instituto-superior-del-profesorado-de-educacion-inicial-sara-c-eccleston\" target=\"_blank\"><strong>Ingresar a Convocatorias de Selecci\u00f3n docente para cobertura de cargos \/ c\u00e1tedras<\/strong><\/a><\/pre>\n\n\n\n<div class=\"wp-block-columns is-layout-flex wp-container-2\">\n<div class=\"wp-block-column is-vertically-aligned-center has-contrast-3-color has-text-color has-small-font-size is-layout-flow\" style=\"flex-basis:100%\">\n<h1 class=\"wp-block-heading has-text-align-right has-medium-font-size\" style=\"font-style:normal;font-weight:400\"><img decoding=\"async\" style=\"width: 50px;\" src=\"https:\/\/ieseccleston-caba.infd.edu.ar\/sitio\/wp-content\/uploads\/2024\/02\/download-pdf-3660827_640.png\" alt=\"\"><a rel=\"noreferrer noopener\" href=\"https:\/\/ieseccleston-caba.infd.edu.ar\/sitio\/wp-content\/uploads\/2024\/02\/ISPEI-ECCLESTON_Curriculum-Vitae-MODELO.pdf\" target=\"_blank\">Descargar Modelo de CV<\/a><\/h1>\n<\/div>\n<\/div>\n\n\n\n<hr class=\"wp-block-separator has-alpha-channel-opacity is-style-dots\"\/>\n\n\n\n<div class=\"wp-block-group has-small-font-size is-nowrap is-layout-flex wp-container-19\">\n<div class=\"wp-block-columns is-layout-flex wp-container-18\">\n<div class=\"wp-block-column is-vertically-aligned-top is-layout-flow\" style=\"flex-basis:100%\">\n<pre class=\"wp-block-verse has-accent-color has-base-background-color has-text-color has-background has-large-font-size\">Novedades <\/pre>\n\n\n\n<p><strong>Mayo 2026<\/strong><\/p>\n\n\n\n<p class=\"has-contrast-color has-text-color has-medium-font-size\">Llamado a concurso para cubrir el interinato para el cargo de <strong>AYTP con funciones en secretar\u00eda del Nivel Superior<\/strong><br>Inscripci\u00f3n: 13 al 19 de mayo de 2026<br>COMISI\u00d3N EVALUADORA: <br>Prof. Fernanda Gabriela Ram\u00edrez | Prof. Nicol\u00e1s Demi\u00e1n Rodr\u00edguez Ardanch | Prof. Mar\u00eda Soledad Carrizo Russo (Evaluadora Externa)<\/p>\n\n\n\n<div class=\"wp-block-buttons has-custom-font-size has-small-font-size is-horizontal is-content-justification-right is-layout-flex wp-container-3\">\n<div class=\"wp-block-button has-custom-width wp-block-button__width-100 has-custom-font-size is-style-fill has-medium-font-size\"><a class=\"wp-block-button__link has-contrast-color has-base-background-color has-text-color has-background has-text-align-center wp-element-button\" href=\"https:\/\/ieseccleston-caba.infd.edu.ar\/sitio\/wp-content\/uploads\/2026\/04\/ISPEI-SARA-C-DE-ECCLESTON-CONVOCATORIA-AYTP-2026.pdf\" style=\"border-radius:0px\" target=\"_blank\" rel=\"noreferrer noopener\">Descargar convocatoria<\/a><\/div>\n<\/div>\n\n\n\n<div style=\"height:51px\" aria-hidden=\"true\" class=\"wp-block-spacer\"><\/div>\n\n\n\n<p><strong>Mayo 2026<\/strong><\/p>\n\n\n\n<p class=\"has-contrast-color has-text-color has-medium-font-size\">Llamado a concurso para cubrir el cargo interino de <strong>Bibliotecario\/a de nivel terciario<\/strong> <br>Inscripci\u00f3n: 13 al 19 de mayo de 2026 (Hasta las 23:59 hs) <br>COMISI\u00d3N EVALUADORA: <br>Bibl. Vanina Romero | Prof. Giselle Perrone | Evaluadora externa: Leticia Salaida<\/p>\n\n\n\n<div class=\"wp-block-buttons has-custom-font-size has-small-font-size is-horizontal is-content-justification-right is-layout-flex wp-container-4\">\n<div class=\"wp-block-button has-custom-width wp-block-button__width-100 has-custom-font-size is-style-fill has-medium-font-size\"><a class=\"wp-block-button__link has-contrast-color has-base-background-color has-text-color has-background has-text-align-center wp-element-button\" href=\"https:\/\/ieseccleston-caba.infd.edu.ar\/sitio\/wp-content\/uploads\/2026\/04\/ISPEI-S-C-de-ECCLESTON-CONVOCATORIA-BIBLIOTECARIO-A-2026.pdf\" style=\"border-radius:0px\" target=\"_blank\" rel=\"noreferrer noopener\">Descargar convocatoria<\/a><\/div>\n<\/div>\n\n\n\n<div style=\"height:51px\" aria-hidden=\"true\" class=\"wp-block-spacer\"><\/div>\n\n\n\n<hr class=\"wp-block-separator has-alpha-channel-opacity is-style-dots\"\/>\n\n\n\n<p><em><strong>Septiembre 2025<\/strong><\/em><\/p>\n\n\n\n<p class=\"has-contrast-color has-text-color has-medium-font-size\">Llamado a concurso para cubrir interinatos y\/o suplencias del Campo de la Formaci\u00f3n Espec\u00edfica, en <br><strong> Did\u00e1ctica y Tecnolog\u00eda de la Informaci\u00f3n y la Comunicaci\u00f3n en la Educaci\u00f3n Inicial (Res. 2438\/2014 -CFE-) <\/strong><br>Inscripci\u00f3n: del 25 de septiembre al 2 de octubre de 2025<br>COMISI\u00d3N EVALUADORA:&nbsp;<br>Prof. Daniela Gonz\u00e1lez | Prof. Norma Pappalettera | Prof. Mar\u00eda Betania Supertino (Evaluadora externa) | Mar\u00eda P\u00eda Barbar\u00e1 (Evaluadora suplente)<\/p>\n\n\n\n<div class=\"wp-block-buttons has-custom-font-size has-small-font-size is-horizontal is-content-justification-right is-layout-flex wp-container-5\">\n<div class=\"wp-block-button has-custom-width wp-block-button__width-100 has-custom-font-size is-style-fill has-medium-font-size\"><a class=\"wp-block-button__link has-contrast-color has-base-background-color has-text-color has-background has-text-align-center wp-element-button\" href=\"https:\/\/ieseccleston-caba.infd.edu.ar\/sitio\/wp-content\/uploads\/2025\/09\/ISPEI-ECCLESTON-DIDACTICA-Y-TIC-EN-LA-EI.pdf\" style=\"border-radius:0px\" target=\"_blank\" rel=\"noreferrer noopener\">Descargar convocatoria<\/a><\/div>\n<\/div>\n\n\n\n<div style=\"height:51px\" aria-hidden=\"true\" class=\"wp-block-spacer\"><\/div>\n\n\n\n<p><em><strong>Septiembre 2025<\/strong><\/em><\/p>\n\n\n\n<p class=\"has-contrast-color has-text-color has-medium-font-size\">Llamado a concurso para cubrir interinatos y\/o suplencias del Campo de la Formaci\u00f3n Espec\u00edfica, en <br><strong>M\u00fasica en la Educaci\u00f3n Inicial (CFE)<\/strong><br>Inscripci\u00f3n: del 20 al 26 de Septiembre de 2025<br>COMISI\u00d3N EVALUADORA:&nbsp;<br>Prof. Fabrizio Origlio | \nProf. Mar\u00eda Laura Inda | Prof Mar\u00eda Laura Otheguy (Evaluadora externa)<\/p>\n\n\n\n<div class=\"wp-block-buttons has-custom-font-size has-small-font-size is-horizontal is-content-justification-right is-layout-flex wp-container-6\">\n<div class=\"wp-block-button has-custom-width wp-block-button__width-100 has-custom-font-size is-style-fill has-medium-font-size\"><a class=\"wp-block-button__link has-contrast-color has-base-background-color has-text-color has-background has-text-align-center wp-element-button\" href=\"https:\/\/ieseccleston-caba.infd.edu.ar\/sitio\/wp-content\/uploads\/2025\/09\/ISPEI-ECCLESTON-MUSICA-EN-LA-EDUCACION-INIICIAL-septiembre-2025.pdf\" style=\"border-radius:0px\" target=\"_blank\" rel=\"noreferrer noopener\">Descargar convocatoria<\/a><\/div>\n<\/div>\n\n\n\n<div style=\"height:51px\" aria-hidden=\"true\" class=\"wp-block-spacer\"><\/div>\n\n\n\n<p><em><strong>Septiembre 2025<\/strong><\/em><\/p>\n\n\n\n<p class=\"has-contrast-color has-text-color has-medium-font-size\">Llamado a concurso para cubrir interinatos y\/o suplencias del Campo de la Formaci\u00f3n Espec\u00edfica, en el  <br><strong>EDI: Ingl\u00e9s y Educaci\u00f3n Inicial. Taller 1: Nivel de Ingl\u00e9s<\/strong><br>Inscripci\u00f3n: del 20 al 26 de Septiembre de 2025<br>COMISI\u00d3N EVALUADORA:&nbsp;<br>Prof. Fabrizio Origlio | Prof. Dana Epelbaum | Prof. Romina Mangini (Evaluadora externa)<\/p>\n\n\n\n<div class=\"wp-block-buttons has-custom-font-size has-small-font-size is-horizontal is-content-justification-right is-layout-flex wp-container-7\">\n<div class=\"wp-block-button has-custom-width wp-block-button__width-100 has-custom-font-size is-style-fill has-medium-font-size\"><a class=\"wp-block-button__link has-contrast-color has-base-background-color has-text-color has-background has-text-align-center wp-element-button\" href=\"https:\/\/ieseccleston-caba.infd.edu.ar\/sitio\/wp-content\/uploads\/2025\/09\/ISPEI-ECCLESTON-2025-Convocatoria-EDI-Ingles-y-Educacion-Inicial-Taller-1.pdf\" style=\"border-radius:0px\" target=\"_blank\" rel=\"noreferrer noopener\">Descargar convocatoria<\/a><\/div>\n<\/div>\n\n\n\n<div style=\"height:69px\" aria-hidden=\"true\" class=\"wp-block-spacer\"><\/div>\n\n\n\n<p><em><strong>Noviembre 2024<\/strong><\/em><\/p>\n\n\n\n<p class=\"has-contrast-color has-text-color has-medium-font-size\">Llamado a concurso para cubrir suplencias y\/o interinatos del Campo de la Formaci\u00f3n Espec\u00edfica, en el  <br><strong>EDI: Trabajo con im\u00e1genes art\u00edsticas en la Sala y el Museo<\/strong><br>Inscripci\u00f3n: del 29 de Noviembre al 5 de Diciembre de 2024<br>COMISI\u00d3N EVALUADORA:&nbsp;<br>Prof. Amalia van Aken&nbsp;| Prof. J\u00e9sica Sampertini&nbsp;&nbsp;| Prof. Mariana Spravkin (Jurado externo)<\/p>\n\n\n\n<div class=\"wp-block-buttons has-custom-font-size has-small-font-size is-horizontal is-content-justification-right is-layout-flex wp-container-8\">\n<div class=\"wp-block-button has-custom-width wp-block-button__width-100 has-custom-font-size is-style-fill has-medium-font-size\"><a class=\"wp-block-button__link has-contrast-color has-base-background-color has-text-color has-background has-text-align-center wp-element-button\" href=\"https:\/\/ieseccleston-caba.infd.edu.ar\/sitio\/wp-content\/uploads\/2024\/11\/ISPEI-ECCLESTON_EDI-Trabajo-con-imagenes-artisticas-en-la-Sala-y-el-Museo_-2024-.pdf\" style=\"border-radius:0px\" target=\"_blank\" rel=\"noreferrer noopener\">Descargar convocatoria<\/a><\/div>\n<\/div>\n\n\n\n<div style=\"height:41px\" aria-hidden=\"true\" class=\"wp-block-spacer\"><\/div>\n\n\n\n<p class=\"has-contrast-color has-text-color has-medium-font-size\">Llamado a concurso para cubrir suplencias y\/o interinatos del Campo de la Formaci\u00f3n Espec\u00edfica, en la siguiente instancia curricular <strong>Artes Visuales en la Educaci\u00f3n Inicial II. <\/strong><br>Inscripci\u00f3n: del 29 de Noviembre al 5 de Diciembre de 2024<br>COMISI\u00d3N EVALUADORA:&nbsp;<br>Prof. Amalia van Aken&nbsp;| Prof. J\u00e9sica Sampertini&nbsp;&nbsp;| Prof. Mariana Spravkin (Jurado externo)<\/p>\n\n\n\n<div class=\"wp-block-buttons has-custom-font-size has-small-font-size is-horizontal is-content-justification-right is-layout-flex wp-container-9\">\n<div class=\"wp-block-button has-custom-width wp-block-button__width-100 has-custom-font-size is-style-fill has-medium-font-size\"><a class=\"wp-block-button__link has-contrast-color has-base-background-color has-text-color has-background has-text-align-center wp-element-button\" href=\"https:\/\/ieseccleston-caba.infd.edu.ar\/sitio\/wp-content\/uploads\/2024\/11\/ISPEI-ECCLESTON_ARTES-VISUALES-2-_2024.pdf\" style=\"border-radius:0px\" target=\"_blank\" rel=\"noreferrer noopener\">Descargar convocatoria<\/a><\/div>\n<\/div>\n\n\n\n<div style=\"height:41px\" aria-hidden=\"true\" class=\"wp-block-spacer\"><\/div>\n\n\n\n<p class=\"has-contrast-color has-text-color has-medium-font-size\">Llamado a concurso para cubrir suplencias y\/o interinatos del Campo de la Formaci\u00f3n Espec\u00edfica, en la siguiente instancia curricular <strong>Artes Visuales en la Educaci\u00f3n Inicial I. <\/strong><br>Inscripci\u00f3n: del 29 de Noviembre al 5 de Diciembre de 2024<br>COMISI\u00d3N EVALUADORA:&nbsp;<br>Prof. Amalia van Aken&nbsp;| Prof. J\u00e9sica Sampertini&nbsp;&nbsp;| Prof. Mariana Spravkin (Jurado externo)<\/p>\n\n\n\n<div class=\"wp-block-buttons has-custom-font-size has-small-font-size is-horizontal is-content-justification-right is-layout-flex wp-container-10\">\n<div class=\"wp-block-button has-custom-width wp-block-button__width-100 has-custom-font-size is-style-fill has-medium-font-size\"><a class=\"wp-block-button__link has-contrast-color has-base-background-color has-text-color has-background has-text-align-center wp-element-button\" href=\"https:\/\/ieseccleston-caba.infd.edu.ar\/sitio\/wp-content\/uploads\/2024\/11\/ISPEI-ECCLESTON_ARTES-VISUALES-1-_-2024.pdf\" style=\"border-radius:0px\" target=\"_blank\" rel=\"noreferrer noopener\">Descargar convocatoria<\/a><\/div>\n<\/div>\n\n\n\n<hr class=\"wp-block-separator has-alpha-channel-opacity is-style-dots\"\/>\n\n\n\n<p><em><strong>Septiembre 2024<\/strong><\/em><\/p>\n\n\n\n<p><\/p>\n\n\n\n<p class=\"has-contrast-color has-text-color has-medium-font-size\">Llamado a concurso para el cargos de Ayudante de Trabajos Pr\u00e1cticos Inform\u00e1tico de Nivel Superior extendi\u00f3 su fecha de presentaci\u00f3n <strong>hasta el 25 de septiembre. <\/strong><br>COMISI\u00d3N EVALUADORA:&nbsp;<br>Lic.&nbsp;Mar\u00eda P\u00eda Barbar\u00e1&nbsp;&nbsp;| Lic.&nbsp;Luis Morales Torres&nbsp;&nbsp;| Mg.&nbsp;Ana Mar\u00eda Rolandi (Jurado externo)<\/p>\n\n\n\n<div class=\"wp-block-buttons has-custom-font-size has-small-font-size is-horizontal is-content-justification-right is-layout-flex wp-container-11\">\n<div class=\"wp-block-button has-custom-width wp-block-button__width-100 has-custom-font-size is-style-fill has-medium-font-size\"><a class=\"wp-block-button__link has-contrast-color has-base-background-color has-text-color has-background has-text-align-center wp-element-button\" href=\"https:\/\/ieseccleston-caba.infd.edu.ar\/sitio\/wp-content\/uploads\/2024\/09\/ISPEI-ECCLESTON_cargo-AYTP-Informatico-2024.pdf\" style=\"border-radius:0px\" target=\"_blank\" rel=\"noreferrer noopener\">Descargar convocatoria<\/a><\/div>\n<\/div>\n\n\n\n<p><\/p>\n\n\n\n<p class=\"has-contrast-color has-text-color has-medium-font-size\">Cambio en el Jurado para el concurso de Did\u00e1ctica y Tecnolog\u00eda de la Informaci\u00f3n y la Comunicaci\u00f3n en la Educaci\u00f3n Inicial.<br>COMISI\u00d3N EVALUADORA:&nbsp;<br>Prof. Daniel Brailovsky&nbsp;&nbsp;| Prof.&nbsp;Mauricio Mart\u00ednez&nbsp;&nbsp;| Prof. Laura Szpiezak (Jurado externo)<\/p>\n\n\n\n<div class=\"wp-block-buttons has-custom-font-size has-small-font-size is-horizontal is-content-justification-right is-layout-flex wp-container-12\">\n<div class=\"wp-block-button has-custom-width wp-block-button__width-100 has-custom-font-size is-style-fill has-medium-font-size\"><a class=\"wp-block-button__link has-contrast-color has-base-background-color has-text-color has-background has-text-align-center wp-element-button\" href=\"https:\/\/ieseccleston-caba.infd.edu.ar\/sitio\/wp-content\/uploads\/2024\/09\/ISPEI-ECCLESTON_DIDACTICA-Y-TIC-EN-LA-EI-SEPTIEMBRE-2024-1.pdf\" style=\"border-radius:0px\" target=\"_blank\" rel=\"noreferrer noopener\">Descargar convocatoria<\/a><\/div>\n<\/div>\n\n\n\n<hr class=\"wp-block-separator has-alpha-channel-opacity\"\/>\n\n\n\n<p><em><strong>Agosto 2024<\/strong><\/em><\/p>\n\n\n\n<p class=\"has-contrast-color has-text-color has-medium-font-size\">Llamado a concurso para la selecci\u00f3n de antecedentes para la cobertura de cargos de Ayudante de Trabajos Pr\u00e1cticos Inform\u00e1tico de Nivel Superior. <br>COMISI\u00d3N EVALUADORA:&nbsp;<br>Lic.&nbsp;Mar\u00eda P\u00eda Barbar\u00e1&nbsp;&nbsp;| Lic.&nbsp;Luis Morales Torres&nbsp;&nbsp;| Mg.&nbsp;Ana Mar\u00eda Rolandi (Jurado externo)<\/p>\n\n\n\n<div class=\"wp-block-buttons has-custom-font-size has-small-font-size is-horizontal is-content-justification-right is-layout-flex wp-container-13\">\n<div class=\"wp-block-button has-custom-width wp-block-button__width-100 has-custom-font-size is-style-fill has-medium-font-size\"><a class=\"wp-block-button__link has-contrast-color has-base-background-color has-text-color has-background has-text-align-center wp-element-button\" href=\"https:\/\/ieseccleston-caba.infd.edu.ar\/sitio\/wp-content\/uploads\/2024\/08\/dgsfd_20240821_eccleston_pei_aytpinformatico.pdf\" style=\"border-radius:0px\" target=\"_blank\" rel=\"noreferrer noopener\">Descargar convocatoria<\/a><\/div>\n<\/div>\n\n\n\n<hr class=\"wp-block-separator has-alpha-channel-opacity\"\/>\n\n\n\n<pre class=\"wp-block-code\"><code>Julio 2024\n<p class=\"has-contrast-color has-text-color has-medium-font-size\">Informamos  que debido a  necesidades institucionales las convocatorias a selecci\u00f3n de antecedentes para cubrir suplencias y\/o interinatos que se encuentran en curso, quedan en suspenso hasta despu\u00e9s del receso escolar. \nOportunamente informaremos nuevos cronogramas.<\/p><\/code><\/pre>\n\n\n\n<p><\/p>\n\n\n\n<p><em><strong>Mayo 2024<\/strong><\/em><\/p>\n\n\n\n<p class=\"has-contrast-color has-text-color has-medium-font-size\">Convocatoria para los cargos de <strong>AYTP, Bedel y Prosecretario, <\/strong>se encuentran en proceso de toma de coloquio&nbsp;&nbsp;<\/p>\n\n\n\n<p class=\"has-contrast-color has-text-color has-medium-font-size\">Los concursos docentes para <strong>Trabajo de Campo <\/strong>y para <strong>Prevenci\u00f3n y Cuidado de la Salud, <\/strong>en evaluaci\u00f3n por parte de la comisi\u00f3n evaluadora&nbsp;<\/p>\n\n\n\n<p class=\"has-contrast-color has-text-color has-medium-font-size\">Los concursos docentes para <strong>Pr\u00e1cticas del Lenguaje I y II<\/strong><strong>, <\/strong>en proceso de evaluaci\u00f3n por parte del Consejo Directivo.<br><\/p>\n\n\n\n<p><\/p>\n\n\n\n<p><em><strong>Abril 2024<\/strong><\/em><\/p>\n\n\n\n<p class=\"has-contrast-color has-text-color has-medium-font-size\">Cambio en jurado para la selecci\u00f3n de antecedentes para el cargo de <strong>AYTP con funciones en Secretar\u00eda&nbsp;<\/strong>&nbsp;<br>COMISI\u00d3N EVALUADORA:&nbsp;<br>Prof.&nbsp;Mirta Brenner&nbsp;&nbsp;| Prof.&nbsp;Rosa Garc\u00e9s&nbsp;&nbsp;| Prof.&nbsp;Ruth Ram\u00edrez<\/p>\n\n\n\n<div class=\"wp-block-buttons has-custom-font-size has-small-font-size is-horizontal is-content-justification-right is-layout-flex wp-container-14\">\n<div class=\"wp-block-button has-custom-width wp-block-button__width-100 has-custom-font-size is-style-fill has-medium-font-size\"><a class=\"wp-block-button__link has-contrast-color has-base-background-color has-text-color has-background has-text-align-center wp-element-button\" href=\"https:\/\/buenosaires.gob.ar\/sites\/default\/files\/2024-04\/dgsfd_20240410_ISPEI%20ECCLESTON_%20AYTP%20en%20SECRETAR\u00cdA.pdf\" style=\"border-radius:0px\" target=\"_blank\" rel=\"noreferrer noopener\">Descargar convocatoria actualizada<\/a><\/div>\n<\/div>\n\n\n\n<hr class=\"wp-block-separator has-alpha-channel-opacity is-style-dots\"\/>\n\n\n\n<p class=\"has-contrast-color has-text-color has-medium-font-size\">Cambio en jurado para la selecci\u00f3n de antecedentes para el cargo de <strong><strong>Bedel\/Preceptor con funciones en Secretar\u00eda&nbsp;&nbsp;<\/strong><\/strong>&nbsp;<br>COMISI\u00d3N EVALUADORA:&nbsp;<br>Prof.&nbsp;Mirta Brenner&nbsp;&nbsp;| Prof.&nbsp;Rosa Garc\u00e9s&nbsp;&nbsp;| Prof.&nbsp;Ruth Ram\u00edrez<\/p>\n\n\n\n<div class=\"wp-block-buttons has-custom-font-size has-small-font-size is-horizontal is-content-justification-right is-layout-flex wp-container-15\">\n<div class=\"wp-block-button has-custom-width wp-block-button__width-100 has-custom-font-size is-style-fill has-medium-font-size\"><a class=\"wp-block-button__link has-contrast-color has-base-background-color has-text-color has-background has-text-align-center wp-element-button\" href=\"https:\/\/buenosaires.gob.ar\/sites\/default\/files\/2024-04\/dgsfd_20240410_ISPEI%20ECCLESTON_%20BEDEL%20PRECEPTOR%20en%20SECRETAR\u00cdA.pdf\" style=\"border-radius:0px\" target=\"_blank\" rel=\"noreferrer noopener\">Descargar convocatoria actualizada<\/a><\/div>\n<\/div>\n\n\n\n<hr class=\"wp-block-separator has-alpha-channel-opacity is-style-dots\"\/>\n\n\n\n<p class=\"has-contrast-color has-text-color has-medium-font-size\">Cambio de Evaluadora Externa en la selecci\u00f3n de antecedentes para la c\u00e1tedra <strong>Lenguajes Art\u00edsticos Expresivos: Escritura (CFG)<\/strong><br>COMISI\u00d3N EVALUADORA:&nbsp;<br>Prof. Dra.&nbsp;Magal\u00ed Milmaniene&nbsp;| Prof. Dr. Marcelo Bianchi Bustos&nbsp;| <br>Nueva Evaluadora Externa: Prof. Alejandra Massotti<\/p>\n\n\n\n<hr class=\"wp-block-separator has-alpha-channel-opacity is-style-dots\"\/>\n\n\n\n<p><em><strong>Marzo 2024<\/strong><\/em><\/p>\n\n\n\n<p class=\"has-contrast-color has-text-color has-medium-font-size\">Cambio de Comisi\u00f3n y extensi\u00f3n en la selecci\u00f3n de antecedentes para la c\u00e1tedra <strong>Ciencias Naturales: Conocer el Ambiente en la Educaci\u00f3n Inicial (CFE)<\/strong><br>COMISI\u00d3N EVALUADORA:<br>Profesora: Claudia Papayannis | Profesora: Mar\u00eda Laura Belzunces | Evaluadora Externa: Ver\u00f3nica Mart\u00ednez&nbsp;&nbsp;<br>Extensi\u00f3n&nbsp;: Inscripci\u00f3n 7 de Marzo al 13 de Marzo&nbsp;&nbsp;<\/p>\n\n\n\n<div class=\"wp-block-buttons has-custom-font-size has-small-font-size is-horizontal is-content-justification-right is-layout-flex wp-container-16\">\n<div class=\"wp-block-button has-custom-width wp-block-button__width-100 has-custom-font-size is-style-fill has-medium-font-size\"><a class=\"wp-block-button__link has-contrast-color has-base-background-color has-text-color has-background has-text-align-center wp-element-button\" href=\"https:\/\/ieseccleston-caba.infd.edu.ar\/sitio\/wp-content\/uploads\/2024\/02\/ISPEI-ECCLESTON_CONVOCATORIA-CIENCIAS-NATURALES-2024-2.pdf\" style=\"border-radius:0px\" target=\"_blank\" rel=\"noreferrer noopener\">Descargar convocatoria actualizada<\/a><\/div>\n<\/div>\n<\/div>\n<\/div>\n<\/div>\n","protected":false},"excerpt":{"rendered":"<p>En esta secci\u00f3n encontrar\u00e1 toda la informaci\u00f3n referida a los concursos para c\u00e1tedras del Profesorado. Ingresar a Convocatorias de Selecci\u00f3n docente para cobertura de cargos \/ c\u00e1tedras Descargar Modelo de CV Novedades Mayo 2026 Llamado a concurso para cubrir el interinato para el cargo de AYTP con funciones en secretar\u00eda del Nivel SuperiorInscripci\u00f3n: 13 al &#8230; <a title=\"Concursos docentes\" class=\"read-more\" href=\"https:\/\/ieseccleston-caba.infd.edu.ar\/sitio\/concursos-docentes\/\" aria-label=\"More on Concursos docentes\">[+]<\/a><\/p>\n","protected":false},"author":3614,"featured_media":0,"parent":0,"menu_order":0,"comment_status":"closed","ping_status":"closed","template":"","meta":[],"acf":[],"_links":{"self":[{"href":"https:\/\/ieseccleston-caba.infd.edu.ar\/sitio\/wp-json\/wp\/v2\/pages\/2288"}],"collection":[{"href":"https:\/\/ieseccleston-caba.infd.edu.ar\/sitio\/wp-json\/wp\/v2\/pages"}],"about":[{"href":"https:\/\/ieseccleston-caba.infd.edu.ar\/sitio\/wp-json\/wp\/v2\/types\/page"}],"author":[{"embeddable":true,"href":"https:\/\/ieseccleston-caba.infd.edu.ar\/sitio\/wp-json\/wp\/v2\/users\/3614"}],"replies":[{"embeddable":true,"href":"https:\/\/ieseccleston-caba.infd.edu.ar\/sitio\/wp-json\/wp\/v2\/comments?post=2288"}],"version-history":[{"count":32,"href":"https:\/\/ieseccleston-caba.infd.edu.ar\/sitio\/wp-json\/wp\/v2\/pages\/2288\/revisions"}],"predecessor-version":[{"id":2911,"href":"https:\/\/ieseccleston-caba.infd.edu.ar\/sitio\/wp-json\/wp\/v2\/pages\/2288\/revisions\/2911"}],"wp:attachment":[{"href":"https:\/\/ieseccleston-caba.infd.edu.ar\/sitio\/wp-json\/wp\/v2\/media?parent=2288"}],"curies":[{"name":"wp","href":"https:\/\/api.w.org\/{rel}","templated":true}]}}