{"id":1054,"date":"2018-08-29T14:32:47","date_gmt":"2018-08-29T17:32:47","guid":{"rendered":"https:\/\/ieseccleston-caba.infd.edu.ar\/sitio\/empadronamiento\/"},"modified":"2025-09-02T11:57:35","modified_gmt":"2025-09-02T14:57:35","slug":"empadronamiento","status":"publish","type":"page","link":"https:\/\/ieseccleston-caba.infd.edu.ar\/sitio\/empadronamiento\/","title":{"rendered":"Empadronamiento"},"content":{"rendered":"<h5>\u00bfPara qu\u00e9 empadronarse?<\/h5>\n<p>Todos los graduados del ISPEI Sara C. de Eccleston pueden empadronarse para la participaci\u00f3n democr\u00e1tica de la Instituci\u00f3n<\/p>\n<h5>\u00bfC\u00f3mo empadronarse?<\/h5>\n<div>Para empadronarse como graduado\/a, tenes que enviar un mail a\u00a0<a href=\"mailto:ispei_prosecretaria@bue.edu.ar\" target=\"_blank\" rel=\"noopener\">ispei_prosecretaria@bue.edu.ar<\/a> con el asunto: Inscripci\u00f3n en Padr\u00f3n graduados.<\/div>\n<div><\/div>\n<div>Se solicita adjuntar:<\/div>\n<ul>\n<li>Carta dirigida a la Rectora Prof. Mar\u00eda P\u00eda Barbar\u00e1 firmada. (<a title=\"Carta Empadronamiento\" href=\"https:\/\/ieseccleston-caba.infd.edu.ar\/sitio\/wp-content\/uploads\/2025\/09\/Empadronamiento.doc\" target=\"_blank\" rel=\"noopener\">Click aqu\u00ed<\/a>)<\/li>\n<li>Foto de DNI.<\/li>\n<li>Fotocopia del Titulo docente del ISPEI \u201cSara C. de Eccleston\u201d (opcional).<\/li>\n<\/ul>\n","protected":false},"excerpt":{"rendered":"<p>\u00bfPara qu\u00e9 empadronarse? Todos los graduados del ISPEI Sara C. de Eccleston pueden empadronarse para la participaci\u00f3n democr\u00e1tica de la Instituci\u00f3n \u00bfC\u00f3mo empadronarse? Para empadronarse como graduado\/a, tenes que enviar un mail a\u00a0ispei_prosecretaria@bue.edu.ar con el asunto: Inscripci\u00f3n en Padr\u00f3n graduados. Se solicita adjuntar: Carta dirigida a la Rectora Prof. Mar\u00eda P\u00eda Barbar\u00e1 firmada. (Click aqu\u00ed) &#8230; <a title=\"Empadronamiento\" class=\"read-more\" href=\"https:\/\/ieseccleston-caba.infd.edu.ar\/sitio\/empadronamiento\/\" aria-label=\"More on Empadronamiento\">[+]<\/a><\/p>\n","protected":false},"author":7,"featured_media":0,"parent":0,"menu_order":0,"comment_status":"closed","ping_status":"closed","template":"","meta":[],"acf":[],"_links":{"self":[{"href":"https:\/\/ieseccleston-caba.infd.edu.ar\/sitio\/wp-json\/wp\/v2\/pages\/1054"}],"collection":[{"href":"https:\/\/ieseccleston-caba.infd.edu.ar\/sitio\/wp-json\/wp\/v2\/pages"}],"about":[{"href":"https:\/\/ieseccleston-caba.infd.edu.ar\/sitio\/wp-json\/wp\/v2\/types\/page"}],"author":[{"embeddable":true,"href":"https:\/\/ieseccleston-caba.infd.edu.ar\/sitio\/wp-json\/wp\/v2\/users\/7"}],"replies":[{"embeddable":true,"href":"https:\/\/ieseccleston-caba.infd.edu.ar\/sitio\/wp-json\/wp\/v2\/comments?post=1054"}],"version-history":[{"count":2,"href":"https:\/\/ieseccleston-caba.infd.edu.ar\/sitio\/wp-json\/wp\/v2\/pages\/1054\/revisions"}],"predecessor-version":[{"id":2802,"href":"https:\/\/ieseccleston-caba.infd.edu.ar\/sitio\/wp-json\/wp\/v2\/pages\/1054\/revisions\/2802"}],"wp:attachment":[{"href":"https:\/\/ieseccleston-caba.infd.edu.ar\/sitio\/wp-json\/wp\/v2\/media?parent=1054"}],"curies":[{"name":"wp","href":"https:\/\/api.w.org\/{rel}","templated":true}]}}