{"id":1022,"date":"2018-08-29T14:32:35","date_gmt":"2018-08-29T17:32:35","guid":{"rendered":"https:\/\/ieseccleston-caba.infd.edu.ar\/sitio\/autoridades-3\/"},"modified":"2026-02-27T15:29:18","modified_gmt":"2026-02-27T18:29:18","slug":"autoridades-3","status":"publish","type":"page","link":"https:\/\/ieseccleston-caba.infd.edu.ar\/sitio\/autoridades-3\/","title":{"rendered":"Cursos de posgrado"},"content":{"rendered":"<p><strong>Cursos de posgrado docente en el Eccleston.<\/strong><br \/>\nDestinado a docentes y\/o equipo directivo en el nivel inicial.<\/p>\n<h5 style=\"text-align: left;\"><img decoding=\"async\" loading=\"lazy\" class=\"wp-image-2580 aligncenter\" src=\"https:\/\/ieseccleston-caba.infd.edu.ar\/sitio\/wp-content\/uploads\/2025\/03\/info-875871_640-500x500.png\" alt=\"\" width=\"40\" height=\"40\" srcset=\"https:\/\/ieseccleston-caba.infd.edu.ar\/sitio\/wp-content\/uploads\/2025\/03\/info-875871_640-500x500.png 500w, https:\/\/ieseccleston-caba.infd.edu.ar\/sitio\/wp-content\/uploads\/2025\/03\/info-875871_640.png 640w\" sizes=\"(max-width: 40px) 100vw, 40px\" \/><\/h5>\n<h5 style=\"text-align: center;\">M\u00e1s informaci\u00f3n: <a href=\"mailto:ispei.cursos@gmail.com\" target=\"_blank\" rel=\"noopener\">ispei.cursos@gmail.com<\/a><\/h5>\n<div hidden=\"\">\n<p>&#x1f4d1; Curso \u00ab<a title=\"https:\/\/drive.google.com\/file\/d\/1GVQjJ2CWPShehoU8V-tadC7J9ArLIP1G\/view\" href=\"https:\/\/drive.google.com\/file\/d\/1GVQjJ2CWPShehoU8V-tadC7J9ArLIP1G\/view\" target=\"_blank\" rel=\"noopener\">Experiencias alfabetizadoras en la Educaci\u00f3n Inicial: Perspectivas y pr\u00e1cticas colaboradoras<\/a>.\u00bb<br \/>\nJueves de 17 A 19 hs con 1 encuentro semipresencial por unidad de contenidos.<br \/>\nEl curso propone estrategias para la pr\u00e1ctica docente alfabetizadora a partir de resignificar conceptos tales como mediaci\u00f3n, lectura, dispositivos textuales, narrativa, literatura infantil, que en el marco de conclusiones y experiencias se traducen en pr\u00e1cticas did\u00e1cticas ampliadas.<br \/>\nDocente: Prof. Graciela Mart\u00ednez<\/p>\n<p>&#x1f4d1; Curso: \u00ab<a title=\"https:\/\/drive.google.com\/file\/d\/1noZjeILla2hDXJS8tetGNVMGi-QpA0XQ\/view\" href=\"https:\/\/drive.google.com\/file\/d\/1noZjeILla2hDXJS8tetGNVMGi-QpA0XQ\/view\" target=\"_blank\" rel=\"noopener\">Un entramado entre las Artes Visuales, los Museos y las Infancias<\/a>\u00bb<br \/>\nLunes de 17 a 19 horas cada 15 d\u00edas. Modalidad semipresencial sincr\u00f3nica.<br \/>\nEl curso se encuentra pensado como un espacio innovador y creativo, de investigaci\u00f3n y acci\u00f3n, de reflexi\u00f3n y an\u00e1lisis que posibilite y movilice a los\/as participantes al desarrollo de miradas cri\u0301ticas y este\u0301ticas, de expresar y comunicar sus ideas, de disfrutar y apropiarse de la diversidad arti\u0301stica y especialmente de construir aprendizajes significativos vinculados al arte y la educaci\u00f3n que se pondr\u00e1n en escena en los diferentes contenidos que los docentes ense\u00f1en a los\/as ni\u00f1os\/as. Y a su vez, formar\u00e1n parte de la creaci\u00f3n y desarrollo de diferentes proyectos \u00e1ulicos y\/o institucionales siendo un gran aporte a la Educaci\u00f3n inicial.<br \/>\nDocente: Dra. Vali Guidalevich<\/p>\n<p>&#x1f4d1; Curso: \u00ab<a title=\"https:\/\/drive.google.com\/file\/d\/1ANLLz-zrBRuHAliIm-QMx0mPwV63de5h\/view\" href=\"https:\/\/drive.google.com\/file\/d\/1ANLLz-zrBRuHAliIm-QMx0mPwV63de5h\/view\" target=\"_blank\" rel=\"noopener\">Introducci\u00f3n a la Filosof\u00eda para \/con Ni\u00f1os en el Nivel Inicial: experiencias- fundamentos-did\u00e1ctica.<\/a>\u00bb<br \/>\nJueves de 17:30 A 19:30 HS, Cursada presencial cada 15 d\u00edas. Modalidad semipresencial, en forma virtual sincr\u00f3nica.<br \/>\nEl curso permitir\u00e1 elaborar propuestas \u00e1ulicas destinadas a los ni\u00f1os y ni\u00f1as de nivel inicial que faciliten el desarrollo de una actitud filos\u00f3fica, incorporen la pregunta como disparador del pensamiento y la argumentaci\u00f3n como estrategia de di\u00e1logo<br \/>\nDocente: Prof. Dr. Gerardo Suarez<\/p>\n<\/div>\n","protected":false},"excerpt":{"rendered":"<p>Cursos de posgrado docente en el Eccleston. Destinado a docentes y\/o equipo directivo en el nivel inicial. M\u00e1s informaci\u00f3n: ispei.cursos@gmail.com &#x1f4d1; Curso \u00abExperiencias alfabetizadoras en la Educaci\u00f3n Inicial: Perspectivas y pr\u00e1cticas colaboradoras.\u00bb Jueves de 17 A 19 hs con 1 encuentro semipresencial por unidad de contenidos. El curso propone estrategias para la pr\u00e1ctica docente alfabetizadora &#8230; <a title=\"Cursos de posgrado\" class=\"read-more\" href=\"https:\/\/ieseccleston-caba.infd.edu.ar\/sitio\/autoridades-3\/\" aria-label=\"More on Cursos de posgrado\">[+]<\/a><\/p>\n","protected":false},"author":7,"featured_media":0,"parent":0,"menu_order":0,"comment_status":"closed","ping_status":"closed","template":"","meta":[],"acf":[],"_links":{"self":[{"href":"https:\/\/ieseccleston-caba.infd.edu.ar\/sitio\/wp-json\/wp\/v2\/pages\/1022"}],"collection":[{"href":"https:\/\/ieseccleston-caba.infd.edu.ar\/sitio\/wp-json\/wp\/v2\/pages"}],"about":[{"href":"https:\/\/ieseccleston-caba.infd.edu.ar\/sitio\/wp-json\/wp\/v2\/types\/page"}],"author":[{"embeddable":true,"href":"https:\/\/ieseccleston-caba.infd.edu.ar\/sitio\/wp-json\/wp\/v2\/users\/7"}],"replies":[{"embeddable":true,"href":"https:\/\/ieseccleston-caba.infd.edu.ar\/sitio\/wp-json\/wp\/v2\/comments?post=1022"}],"version-history":[{"count":17,"href":"https:\/\/ieseccleston-caba.infd.edu.ar\/sitio\/wp-json\/wp\/v2\/pages\/1022\/revisions"}],"predecessor-version":[{"id":2873,"href":"https:\/\/ieseccleston-caba.infd.edu.ar\/sitio\/wp-json\/wp\/v2\/pages\/1022\/revisions\/2873"}],"wp:attachment":[{"href":"https:\/\/ieseccleston-caba.infd.edu.ar\/sitio\/wp-json\/wp\/v2\/media?parent=1022"}],"curies":[{"name":"wp","href":"https:\/\/api.w.org\/{rel}","templated":true}]}}