{"id":1003,"date":"2018-08-29T14:32:27","date_gmt":"2018-08-29T17:32:27","guid":{"rendered":"https:\/\/ieseccleston-caba.infd.edu.ar\/sitio\/ubicacion-gegrafica-y-datos-utiles\/"},"modified":"2026-03-16T14:43:05","modified_gmt":"2026-03-16T17:43:05","slug":"ubicacion-gegrafica-y-datos-utiles","status":"publish","type":"page","link":"https:\/\/ieseccleston-caba.infd.edu.ar\/sitio\/ubicacion-gegrafica-y-datos-utiles\/","title":{"rendered":"Ubicaci\u00f3n Geogr\u00e1fica y Datos \u00datiles"},"content":{"rendered":"<h4>Ubicaci\u00f3n geogr\u00e1fica<\/h4>\n<p>El IES de Educaci\u00f3n Inicial \u00abSara C. de Eccleston\u00bb est\u00e1 ubicado en la Av. Dorrego 3751 (1425), en la Ciudad Aut\u00f3noma de Buenos Aires (Rep\u00fablica Argentina).<\/p>\n<p><strong>Los colectivos que te acercan son 130, 34,\u00a0 37, 166 y 160.<\/strong><\/p>\n<p><iframe loading=\"lazy\" style=\"border: 0;\" src=\"https:\/\/www.google.com\/maps\/embed?pb=!1m18!1m12!1m3!1d3285.5775028248513!2d-58.420714785187315!3d-34.56425126291709!2m3!1f0!2f0!3f0!3m2!1i1024!2i768!4f13.1!3m3!1m2!1s0x95bcb5edf0b7fcfd%3A0x68f5daddfa40b137!2sInstituto%20Superior%20de%20Profesorado%20de%20Educaci%C3%B3n%20Inicial%20%22Sara%20C.%20de%20Eccleston%22!5e0!3m2!1ses-419!2sar!4v1582289935748!5m2!1ses-419!2sar\" width=\"600\" height=\"450\" frameborder=\"0\" allowfullscreen=\"allowfullscreen\"><\/iframe><\/p>\n<h4>Tel\u00e9fonos:<\/h4>\n<ul>\n<li>Bedel\u00eda: (011) 4774- 1463<\/li>\n<li>Rectorado: (011) 4772-6357<\/li>\n<\/ul>\n<h4>Correo electr\u00f3nico:<\/h4>\n<p>ispei_regencia@bue.edu.ar<\/p>\n","protected":false},"excerpt":{"rendered":"<p>Ubicaci\u00f3n geogr\u00e1fica El IES de Educaci\u00f3n Inicial \u00abSara C. de Eccleston\u00bb est\u00e1 ubicado en la Av. Dorrego 3751 (1425), en la Ciudad Aut\u00f3noma de Buenos Aires (Rep\u00fablica Argentina). Los colectivos que te acercan son 130, 34,\u00a0 37, 166 y 160. Tel\u00e9fonos: Bedel\u00eda: (011) 4774- 1463 Rectorado: (011) 4772-6357 Correo electr\u00f3nico: ispei_regencia@bue.edu.ar<\/p>\n","protected":false},"author":7,"featured_media":0,"parent":0,"menu_order":0,"comment_status":"closed","ping_status":"closed","template":"","meta":[],"acf":[],"_links":{"self":[{"href":"https:\/\/ieseccleston-caba.infd.edu.ar\/sitio\/wp-json\/wp\/v2\/pages\/1003"}],"collection":[{"href":"https:\/\/ieseccleston-caba.infd.edu.ar\/sitio\/wp-json\/wp\/v2\/pages"}],"about":[{"href":"https:\/\/ieseccleston-caba.infd.edu.ar\/sitio\/wp-json\/wp\/v2\/types\/page"}],"author":[{"embeddable":true,"href":"https:\/\/ieseccleston-caba.infd.edu.ar\/sitio\/wp-json\/wp\/v2\/users\/7"}],"replies":[{"embeddable":true,"href":"https:\/\/ieseccleston-caba.infd.edu.ar\/sitio\/wp-json\/wp\/v2\/comments?post=1003"}],"version-history":[{"count":4,"href":"https:\/\/ieseccleston-caba.infd.edu.ar\/sitio\/wp-json\/wp\/v2\/pages\/1003\/revisions"}],"predecessor-version":[{"id":2897,"href":"https:\/\/ieseccleston-caba.infd.edu.ar\/sitio\/wp-json\/wp\/v2\/pages\/1003\/revisions\/2897"}],"wp:attachment":[{"href":"https:\/\/ieseccleston-caba.infd.edu.ar\/sitio\/wp-json\/wp\/v2\/media?parent=1003"}],"curies":[{"name":"wp","href":"https:\/\/api.w.org\/{rel}","templated":true}]}}